{"id":2,"date":"2016-12-10T22:39:20","date_gmt":"2016-12-10T21:39:20","guid":{"rendered":"http:\/\/limayra.localhost\/?page_id=2"},"modified":"2025-11-30T17:50:29","modified_gmt":"2025-11-30T16:50:29","slug":"beispiel-seite","status":"publish","type":"page","link":"https:\/\/limayra.de\/","title":{"rendered":"Starseite"},"content":{"rendered":"<p><\/p>\n<div id=\"content\" class=\"center\">\n<article class=\"article cols-2 no-margin even post-166 post type-post status-publish format-standard has-post-thumbnail hentry category-uncategorized tag-ipsum tag-lorem tag-text\">\n<div class=\"image\"><a href=\"http:\/\/cristiano.ukrdevs.com\/where-does-it-come-from\/\"><br \/>\n<img fetchpriority=\"high\" decoding=\"async\" class=\"alignnone size-medium wp-image-16422\" src=\"https:\/\/limayra.de\/wp-content\/uploads\/2021\/09\/IMG_2982-1-585x390.jpg\" alt=\"\" width=\"585\" height=\"390\" \/><\/a><\/div>\n<div class=\"details\"><strong>Willkommen im LI MYRA &#8211; die Berliner Spitzenadresse f\u00fcr erlesene Weine und mediterrane Spezialit\u00e4ten im Kiez zwischen Winterfeldtplatz und Nollendorfplatz!<\/strong><\/p>\n<div class=\"content\">Der Name &#8222;LI MYRA&#8220; leitet sich ab von dem antiken LI MYRA, dem heutigen Demre in der s\u00fcdlichen T\u00fcrkei.<br \/>\nSo wie diese Stadt schon in der hellenistischen Epoche ein kulturelles Zentrum war, m\u00f6chten wir f\u00fcr alle G\u00e4ste, die gute Weine und vorz\u00fcgliche mediterrane K\u00fcche in ruhiger Atmosph\u00e4re sch\u00e4tzen, ein Ort sein, den sie immer wieder gerne aufsuchen.<br \/>\nUnsere R\u00e4umlichkeiten k\u00f6nnen Sie jederzeit f\u00fcr private und gesch\u00e4ftliche Events buchen &#8211; und selbstverst\u00e4ndlich k\u00f6nnen Sie auch unseren Partyservice und die Catering-Angebote nutzen!Wir freuen uns auf Ihren Besuch!<\/p>\n<\/div>\n<\/div>\n<\/article>\n<\/div>\n<p>\t\t\t<section id=\"promo-slider\">\n\t\t\t<div class=\"swiper-wrapper\">\n\t\t\t\t\t\t\t\t\t<div class=\"swiper-slide item\" style=\"background-image: url(https:\/\/limayra.de\/wp-content\/uploads\/2016\/10\/slide-1.jpg)\">\n\t<div class=\"center\">\n\t\t<div class=\"details\">\n\t\t\t<h2 class=\"title\">Li Myra Restaurant<\/h2>\n\t\t\t<div class=\"content\">\n\t\t\t\t<b>Italienische Restaurant<\/b>\r\n\u00d6ffnungszeiten: 16.00 bis 23.00 Uhr\r\nFreitag &amp; Samstag: 12:00 bis 00:00 Uhr\r\nTel.: (030) 81 03 11 15\r\nMobil: 0157 73 51 39 63\r\n<div id=\"gtx-trans\" style=\"position: absolute; left: 161px; top: 96px;\">\r\n<div class=\"gtx-trans-icon\"><\/div>\r\n<\/div>\t\t\t\t\t\t\t<\/div>\n\t\t<\/div>\n\t<\/div>\n<\/div>\t\t\t\t\t\t\t<\/div>\n\t\t\t<div class=\"swiper-pagination\"><\/div>\t\n\t\t<\/section>\n\t\t<\/p>\n\n\n<p><\/p>","protected":false},"excerpt":{"rendered":"<p>Willkommen im LI MYRA &#8211; die Berliner Spitzenadresse f\u00fcr erlesene Weine und mediterrane Spezialit\u00e4ten im Kiez zwischen Winterfeldtplatz und Nollendorfplatz! Der Name &#8222;LI MYRA&#8220; leitet sich ab von dem antiken&#8230;<\/p>\n","protected":false},"author":1,"featured_media":0,"parent":0,"menu_order":0,"comment_status":"closed","ping_status":"closed","template":"","meta":{"footnotes":""},"class_list":["post-2","page","type-page","status-publish","hentry"],"yoast_head":"<!-- This site is optimized with the Yoast SEO plugin v27.2 - https:\/\/yoast.com\/product\/yoast-seo-wordpress\/ -->\n<title>Li Myra - Weinbar &amp; Italienisches Restaurant Berlin<\/title>\n<meta name=\"robots\" content=\"index, follow, max-snippet:-1, max-image-preview:large, max-video-preview:-1\" \/>\n<link rel=\"canonical\" href=\"https:\/\/limayra.de\/\" \/>\n<meta property=\"og:locale\" content=\"de_DE\" \/>\n<meta property=\"og:type\" content=\"article\" \/>\n<meta property=\"og:title\" content=\"Li Myra - Weinbar &amp; Italienisches Restaurant Berlin\" \/>\n<meta property=\"og:description\" content=\"Willkommen im LI MYRA &#8211; die Berliner Spitzenadresse f\u00fcr erlesene Weine und mediterrane Spezialit\u00e4ten im Kiez zwischen Winterfeldtplatz und Nollendorfplatz! Der Name &#8222;LI MYRA&#8220; leitet sich ab von dem antiken...\" \/>\n<meta property=\"og:url\" content=\"https:\/\/limayra.de\/\" \/>\n<meta property=\"og:site_name\" content=\"Li Myra\" \/>\n<meta property=\"article:modified_time\" content=\"2025-11-30T16:50:29+00:00\" \/>\n<meta property=\"og:image\" content=\"https:\/\/limayra.de\/wp-content\/uploads\/2021\/09\/IMG_2982-1-scaled.jpg\" \/>\n\t<meta property=\"og:image:width\" content=\"2560\" \/>\n\t<meta property=\"og:image:height\" content=\"1707\" \/>\n\t<meta property=\"og:image:type\" content=\"image\/jpeg\" \/>\n<meta name=\"twitter:card\" content=\"summary_large_image\" \/>\n<meta name=\"twitter:label1\" content=\"Gesch\u00e4tzte Lesezeit\" \/>\n\t<meta name=\"twitter:data1\" content=\"2\u00a0Minuten\" \/>\n<script type=\"application\/ld+json\" class=\"yoast-schema-graph\">{\"@context\":\"https:\/\/schema.org\",\"@graph\":[{\"@type\":\"WebPage\",\"@id\":\"https:\/\/limayra.de\/\",\"url\":\"https:\/\/limayra.de\/\",\"name\":\"Li Myra - Weinbar & Italienisches Restaurant Berlin\",\"isPartOf\":{\"@id\":\"https:\/\/limayra.de\/#website\"},\"primaryImageOfPage\":{\"@id\":\"https:\/\/limayra.de\/#primaryimage\"},\"image\":{\"@id\":\"https:\/\/limayra.de\/#primaryimage\"},\"thumbnailUrl\":\"https:\/\/limayra.de\/wp-content\/uploads\/2021\/09\/IMG_2982-1-585x390.jpg\",\"datePublished\":\"2016-12-10T21:39:20+00:00\",\"dateModified\":\"2025-11-30T16:50:29+00:00\",\"breadcrumb\":{\"@id\":\"https:\/\/limayra.de\/#breadcrumb\"},\"inLanguage\":\"de\",\"potentialAction\":[{\"@type\":\"ReadAction\",\"target\":[\"https:\/\/limayra.de\/\"]}]},{\"@type\":\"ImageObject\",\"inLanguage\":\"de\",\"@id\":\"https:\/\/limayra.de\/#primaryimage\",\"url\":\"https:\/\/limayra.de\/wp-content\/uploads\/2021\/09\/IMG_2982-1-scaled.jpg\",\"contentUrl\":\"https:\/\/limayra.de\/wp-content\/uploads\/2021\/09\/IMG_2982-1-scaled.jpg\",\"width\":2560,\"height\":1707},{\"@type\":\"BreadcrumbList\",\"@id\":\"https:\/\/limayra.de\/#breadcrumb\",\"itemListElement\":[{\"@type\":\"ListItem\",\"position\":1,\"name\":\"Home\",\"item\":\"https:\/\/limayra.de\/\"},{\"@type\":\"ListItem\",\"position\":2,\"name\":\"Starseite\"}]},{\"@type\":\"WebSite\",\"@id\":\"https:\/\/limayra.de\/#website\",\"url\":\"https:\/\/limayra.de\/\",\"name\":\"Li Myra\",\"description\":\"Cafe &amp; Weinbar\",\"publisher\":{\"@id\":\"https:\/\/limayra.de\/#organization\"},\"potentialAction\":[{\"@type\":\"SearchAction\",\"target\":{\"@type\":\"EntryPoint\",\"urlTemplate\":\"https:\/\/limayra.de\/?s={search_term_string}\"},\"query-input\":{\"@type\":\"PropertyValueSpecification\",\"valueRequired\":true,\"valueName\":\"search_term_string\"}}],\"inLanguage\":\"de\"},{\"@type\":\"Organization\",\"@id\":\"https:\/\/limayra.de\/#organization\",\"name\":\"Li Myra\",\"url\":\"https:\/\/limayra.de\/\",\"logo\":{\"@type\":\"ImageObject\",\"inLanguage\":\"de\",\"@id\":\"https:\/\/limayra.de\/#\/schema\/logo\/image\/\",\"url\":\"https:\/\/limayra.de\/wp-content\/uploads\/2024\/06\/Limayra-Logo.png\",\"contentUrl\":\"https:\/\/limayra.de\/wp-content\/uploads\/2024\/06\/Limayra-Logo.png\",\"width\":1286,\"height\":485,\"caption\":\"Li Myra\"},\"image\":{\"@id\":\"https:\/\/limayra.de\/#\/schema\/logo\/image\/\"},\"sameAs\":[\"https:\/\/instagram.com\/limyra.berlin\"]}]}<\/script>\n<!-- \/ Yoast SEO plugin. -->","yoast_head_json":{"title":"Li Myra - Weinbar & Italienisches Restaurant Berlin","robots":{"index":"index","follow":"follow","max-snippet":"max-snippet:-1","max-image-preview":"max-image-preview:large","max-video-preview":"max-video-preview:-1"},"canonical":"https:\/\/limayra.de\/","og_locale":"de_DE","og_type":"article","og_title":"Li Myra - Weinbar & Italienisches Restaurant Berlin","og_description":"Willkommen im LI MYRA &#8211; die Berliner Spitzenadresse f\u00fcr erlesene Weine und mediterrane Spezialit\u00e4ten im Kiez zwischen Winterfeldtplatz und Nollendorfplatz! Der Name &#8222;LI MYRA&#8220; leitet sich ab von dem antiken...","og_url":"https:\/\/limayra.de\/","og_site_name":"Li Myra","article_modified_time":"2025-11-30T16:50:29+00:00","og_image":[{"width":2560,"height":1707,"url":"https:\/\/limayra.de\/wp-content\/uploads\/2021\/09\/IMG_2982-1-scaled.jpg","type":"image\/jpeg"}],"twitter_card":"summary_large_image","twitter_misc":{"Gesch\u00e4tzte Lesezeit":"2\u00a0Minuten"},"schema":{"@context":"https:\/\/schema.org","@graph":[{"@type":"WebPage","@id":"https:\/\/limayra.de\/","url":"https:\/\/limayra.de\/","name":"Li Myra - Weinbar & Italienisches Restaurant Berlin","isPartOf":{"@id":"https:\/\/limayra.de\/#website"},"primaryImageOfPage":{"@id":"https:\/\/limayra.de\/#primaryimage"},"image":{"@id":"https:\/\/limayra.de\/#primaryimage"},"thumbnailUrl":"https:\/\/limayra.de\/wp-content\/uploads\/2021\/09\/IMG_2982-1-585x390.jpg","datePublished":"2016-12-10T21:39:20+00:00","dateModified":"2025-11-30T16:50:29+00:00","breadcrumb":{"@id":"https:\/\/limayra.de\/#breadcrumb"},"inLanguage":"de","potentialAction":[{"@type":"ReadAction","target":["https:\/\/limayra.de\/"]}]},{"@type":"ImageObject","inLanguage":"de","@id":"https:\/\/limayra.de\/#primaryimage","url":"https:\/\/limayra.de\/wp-content\/uploads\/2021\/09\/IMG_2982-1-scaled.jpg","contentUrl":"https:\/\/limayra.de\/wp-content\/uploads\/2021\/09\/IMG_2982-1-scaled.jpg","width":2560,"height":1707},{"@type":"BreadcrumbList","@id":"https:\/\/limayra.de\/#breadcrumb","itemListElement":[{"@type":"ListItem","position":1,"name":"Home","item":"https:\/\/limayra.de\/"},{"@type":"ListItem","position":2,"name":"Starseite"}]},{"@type":"WebSite","@id":"https:\/\/limayra.de\/#website","url":"https:\/\/limayra.de\/","name":"Li Myra","description":"Cafe &amp; Weinbar","publisher":{"@id":"https:\/\/limayra.de\/#organization"},"potentialAction":[{"@type":"SearchAction","target":{"@type":"EntryPoint","urlTemplate":"https:\/\/limayra.de\/?s={search_term_string}"},"query-input":{"@type":"PropertyValueSpecification","valueRequired":true,"valueName":"search_term_string"}}],"inLanguage":"de"},{"@type":"Organization","@id":"https:\/\/limayra.de\/#organization","name":"Li Myra","url":"https:\/\/limayra.de\/","logo":{"@type":"ImageObject","inLanguage":"de","@id":"https:\/\/limayra.de\/#\/schema\/logo\/image\/","url":"https:\/\/limayra.de\/wp-content\/uploads\/2024\/06\/Limayra-Logo.png","contentUrl":"https:\/\/limayra.de\/wp-content\/uploads\/2024\/06\/Limayra-Logo.png","width":1286,"height":485,"caption":"Li Myra"},"image":{"@id":"https:\/\/limayra.de\/#\/schema\/logo\/image\/"},"sameAs":["https:\/\/instagram.com\/limyra.berlin"]}]}},"_links":{"self":[{"href":"https:\/\/limayra.de\/index.php?rest_route=\/wp\/v2\/pages\/2","targetHints":{"allow":["GET"]}}],"collection":[{"href":"https:\/\/limayra.de\/index.php?rest_route=\/wp\/v2\/pages"}],"about":[{"href":"https:\/\/limayra.de\/index.php?rest_route=\/wp\/v2\/types\/page"}],"author":[{"embeddable":true,"href":"https:\/\/limayra.de\/index.php?rest_route=\/wp\/v2\/users\/1"}],"replies":[{"embeddable":true,"href":"https:\/\/limayra.de\/index.php?rest_route=%2Fwp%2Fv2%2Fcomments&post=2"}],"version-history":[{"count":36,"href":"https:\/\/limayra.de\/index.php?rest_route=\/wp\/v2\/pages\/2\/revisions"}],"predecessor-version":[{"id":16996,"href":"https:\/\/limayra.de\/index.php?rest_route=\/wp\/v2\/pages\/2\/revisions\/16996"}],"wp:attachment":[{"href":"https:\/\/limayra.de\/index.php?rest_route=%2Fwp%2Fv2%2Fmedia&parent=2"}],"curies":[{"name":"wp","href":"https:\/\/api.w.org\/{rel}","templated":true}]}}