{"id":351,"date":"2016-12-13T12:40:17","date_gmt":"2016-12-13T11:40:17","guid":{"rendered":"http:\/\/limayra.de\/?page_id=351"},"modified":"2024-06-10T15:11:00","modified_gmt":"2024-06-10T13:11:00","slug":"weinkarte","status":"publish","type":"page","link":"https:\/\/limayra.de\/?page_id=351","title":{"rendered":"Weinkarte"},"content":{"rendered":"<article class=\"article cols-2 no-margin to-right post-1 post type-post status-publish format-standard hentry category-uncategorized\">\n<div class=\"details\">\n<div class=\"content\">\n<p>Es gibt keine ehrlicherer Liebe als die Liebe zum &#8222;Essen&#8220;<\/p>\n<p>Das Leben ist zu kurz, um schlechten Wein zu trinken. (Goethe)<\/p>\n<\/p><\/div>\n<\/p><\/div>\n<\/article>\n\t<section id=\"our-menu\">\n\t\t<div class=\"center\">\n\t\t\t\t\t\t\t<div class=\"section-title\">\n\t\t\t\t\t\t\n\t\t\t\t\t\t\t\t\t\t\t<h3 class=\"pr-font\">Weinkarte \/ Wine menu<\/h3>\n\t\t\t\t\t\t\t\t\n\t\t\t\t<\/div>\n\t\t\t\t\t\t\t\t\t\t<ul class=\"dishes-menu cols-2 margin-large\">\n\t\t\t\t\t\t\t\t\t\t\t<li class=\"post-394 dishes_menu type-dishes_menu status-publish hentry dishes_categories-weinmenu\">\n\t\t\t\t<div class=\"description\">\n\t\t\t<span class=\"pr-font dm-price\">22,50 <span class=\"currency\">\u20ac<\/span><\/span>\t\t\t\t\n\t\t\t<h2><span class=\"title\">RIESLING<\/span><\/h2>\n\t\t\t<div class=\"dots\"><p>Harmonisch, elegant Ein belebender feiner speise Begleiter mit dezent frischen Frucht Aromen<\/p>\n<\/div>\n\t\t\t\t\t<\/div>\n<\/li>\t\t\t\t\t\t\t\t\t\t\t<li class=\"post-396 dishes_menu type-dishes_menu status-publish hentry dishes_categories-weinmenu\">\n\t\t\t\t<div class=\"description\">\n\t\t\t<span class=\"pr-font dm-price\">24,90 <span class=\"currency\">\u20ac<\/span><\/span>\t\t\t\t\n\t\t\t<h2><span class=\"title\">GRAUBURGUNDER<\/span><\/h2>\n\t\t\t<div class=\"dots\"><p>Der Duft wei\u00dfe Bl\u00fcten, Aprikosen und Akazien. Der Ausbau vom Holz l\u00e4sst sich jetzt schon wunderbar erkennen. Ein richtiger Schmalziger und Kraftvoller Wein<\/p>\n<\/div>\n\t\t\t\t\t<\/div>\n<\/li>\t\t\t\t\t\t\t\t\t<\/ul>\n\t\t\t\t\t\t\t\t<\/div>\n\t<\/section>\t\t\t\t\n\t\n\t<section id=\"our-menu\">\n\t\t<div class=\"center\">\n\t\t\t\t\t\t\t<div class=\"section-title\">\n\t\t\t\t\t\t\n\t\t\t\t\t\t\t\t\t\t\t<h3 class=\"pr-font\">Italien<\/h3>\n\t\t\t\t\t\t\t\t\n\t\t\t\t<\/div>\n\t\t\t\t\t\t\t\t\t\t<ul class=\"dishes-menu cols-2 margin-large\">\n\t\t\t\t\t\t\t\t\t\t\t<li class=\"post-404 dishes_menu type-dishes_menu status-publish hentry dishes_categories-italien\">\n\t\t\t\t<div class=\"description\">\n\t\t\t<span class=\"pr-font dm-price\">28,00 <span class=\"currency\">\u20ac<\/span><\/span>\t\t\t\t\n\t\t\t<h2><span class=\"title\">GAVI DI GAVI DOCG TOLEDANA<\/span><\/h2>\n\t\t\t<div class=\"dots\"><p>Verf\u00fchrerischer Duft nach Fr\u00fcchten und Blumen .Im Geschmack paaren sich exotische Zitrusfr\u00fcchte mit mineralischem Schmelz und ungew\u00f6hnlich weichem Abgang<\/p>\n<\/div>\n\t\t\t\t\t<\/div>\n<\/li>\t\t\t\t\t\t\t\t\t\t\t<li class=\"post-401 dishes_menu type-dishes_menu status-publish hentry dishes_categories-italien\">\n\t\t\t\t<div class=\"description\">\n\t\t\t<span class=\"pr-font dm-price\">24,00 <span class=\"currency\">\u20ac<\/span><\/span>\t\t\t\t\n\t\t\t<h2><span class=\"title\">PINOT GRIGIO VENETO  IGT<\/span><\/h2>\n\t\t\t<div class=\"dots\"><p>Im Duft frisch und etwas kalt g\u00e4hrig, fast aromatisch duftig, gute S\u00e4ure bei saftiger L\u00e4nge, nicht so nussig sondern eher Apfel frisch<\/p>\n<\/div>\n\t\t\t\t\t<\/div>\n<\/li>\t\t\t\t\t\t\t\t\t\t\t<li class=\"post-402 dishes_menu type-dishes_menu status-publish hentry dishes_categories-italien\">\n\t\t\t\t<div class=\"description\">\n\t\t\t<span class=\"pr-font dm-price\">24,50 <span class=\"currency\">\u20ac<\/span><\/span>\t\t\t\t\n\t\t\t<h2><span class=\"title\">CHARDONNAY LANGHE  DOC<\/span><\/h2>\n\t\t\t<div class=\"dots\"><p>Ein Chardonnay aus den Weinbergen des Piemont der   Gehaltvoll und mit wundersch\u00f6ner Harmonie und einer kr\u00e4ftige Note hinterl\u00e4sst er im Abgang einen bleibenden Eindruck<\/p>\n<\/div>\n\t\t\t\t\t<\/div>\n<\/li>\t\t\t\t\t\t\t\t\t\t\t<li class=\"post-400 dishes_menu type-dishes_menu status-publish hentry dishes_categories-italien\">\n\t\t\t\t<div class=\"description\">\n\t\t\t<span class=\"pr-font dm-price\">22,90 <span class=\"currency\">\u20ac<\/span><\/span>\t\t\t\t\n\t\t\t<h2><span class=\"title\">INSOLIA IGP<\/span><\/h2>\n\t\t\t<div class=\"dots\"><p>Saftige, reife gelbe Fr\u00fcchte, dezent w\u00fcrzig nach Estragon Zarter Schmelz<\/p>\n<\/div>\n\t\t\t\t\t<\/div>\n<\/li>\t\t\t\t\t\t\t\t\t<\/ul>\n\t\t\t\t\t\t\t\t<\/div>\n\t<\/section>\t\t\t\t\n\t\n\t<section id=\"our-menu\">\n\t\t<div class=\"center\">\n\t\t\t\t\t\t\t<div class=\"section-title\">\n\t\t\t\t\t\t\n\t\t\t\t\t\t\t\t\t\t\t<h3 class=\"pr-font\">Italien Rot \/ Red<\/h3>\n\t\t\t\t\t\t\t\t\n\t\t\t\t<\/div>\n\t\t\t\t\t\t\t\t\t\t<ul class=\"dishes-menu cols-2 margin-large\">\n\t\t\t\t\t\t\t\t\t\t\t<li class=\"post-406 dishes_menu type-dishes_menu status-publish hentry dishes_categories-italien-red-wine\">\n\t\t\t\t<div class=\"description\">\n\t\t\t<span class=\"pr-font dm-price\">23,90 <span class=\"currency\">\u20ac<\/span><\/span>\t\t\t\t\n\t\t\t<h2><span class=\"title\">SYRAH<\/span><\/h2>\n\t\t\t<div class=\"dots\"><p>Duft von Lakritz Aromen und s\u00fc\u00dflichen Balsam noten Sanft in die Nase. Feine Beeren Aromen etwas Trockenpflaume. Ausbalancierten S\u00e4ure<\/p>\n<\/div>\n\t\t\t\t\t<\/div>\n<\/li>\t\t\t\t\t\t\t\t\t\t\t<li class=\"post-414 dishes_menu type-dishes_menu status-publish hentry dishes_categories-italien-red-wine\">\n\t\t\t\t<div class=\"description\">\n\t\t\t<span class=\"pr-font dm-price\">58 <span class=\"currency\">\u20ac<\/span><\/span>\t\t\t\t\n\t\t\t<h2><span class=\"title\">BRUNELLO DOCG  IL POGGIO<\/span><\/h2>\n\t\t\t<div class=\"dots\"><p>Feingliedrige Eleganz statt volumin\u00f6se Korpulenz, reife Tannine statt s\u00fc\u00dflicher Kompott, zarte Holznoten und rauchiger R\u00f6staromen<\/p>\n<\/div>\n\t\t\t\t\t<\/div>\n<\/li>\t\t\t\t\t\t\t\t\t\t\t<li class=\"post-411 dishes_menu type-dishes_menu status-publish hentry dishes_categories-italien-red-wine\">\n\t\t\t\t<div class=\"description\">\n\t\t\t<span class=\"pr-font dm-price\">28,90 <span class=\"currency\">\u20ac<\/span><\/span>\t\t\t\t\n\t\t\t<h2><span class=\"title\">BARBERA D`ALBA \u201cSUCULE \u201c DOC<\/span><\/h2>\n\t\t\t<div class=\"dots\"><p>Ein Feuerwerk von Beerenaromen und Gew\u00fcrzen. Dicht am Gaumen, f\u00fcllig und weich<\/p>\n<\/div>\n\t\t\t\t\t<\/div>\n<\/li>\t\t\t\t\t\t\t\t\t\t\t<li class=\"post-412 dishes_menu type-dishes_menu status-publish hentry dishes_categories-italien-red-wine\">\n\t\t\t\t<div class=\"description\">\n\t\t\t<span class=\"pr-font dm-price\">46,00 <span class=\"currency\">\u20ac<\/span><\/span>\t\t\t\t\n\t\t\t<h2><span class=\"title\">\u201cLE SURTE\u201c TAURASI DOCG\t100 %Aglianico<\/span><\/h2>\n\t\t\t<div class=\"dots\"><p>Rubinroten Farbe der vielschicktige Duft nach dunklen Beeren. Am Gaumen elegant mit Noten von Zimt, Vanille, Anis und r\u00f6stigen Barriguenoten. Im Mund voll und ausgewogen mit weichen Tannine<\/p>\n<\/div>\n\t\t\t\t\t<\/div>\n<\/li>\t\t\t\t\t\t\t\t\t\t\t<li class=\"post-409 dishes_menu type-dishes_menu status-publish hentry dishes_categories-italien-red-wine\">\n\t\t\t\t<div class=\"description\">\n\t\t\t<span class=\"pr-font dm-price\">22,50 <span class=\"currency\">\u20ac<\/span><\/span>\t\t\t\t\n\t\t\t<h2><span class=\"title\">MONTEPULCIANO D\u00b4ABRUZZO \u201eSISTINA\u201c DOC<\/span><\/h2>\n\t\t\t<div class=\"dots\"><p>Sehr gehaltvoll mit komplexem K\u00f6rper, f\u00fchlbarer Frucht, Langem Abgang und fen abgestimmten Holznoten<\/p>\n<\/div>\n\t\t\t\t\t<\/div>\n<\/li>\t\t\t\t\t\t\t\t\t\t\t<li class=\"post-410 dishes_menu type-dishes_menu status-publish hentry dishes_categories-italien-red-wine\">\n\t\t\t\t<div class=\"description\">\n\t\t\t<span class=\"pr-font dm-price\">26,50 <span class=\"currency\">\u20ac<\/span><\/span>\t\t\t\t\n\t\t\t<h2><span class=\"title\">FILIO (Cabernet IGT Marca Trevigiana)<\/span><\/h2>\n\t\t\t<div class=\"dots\"><p>Intensives Rubinrot mit tiefem violetten Glanz. Intensiv fruchtige Nase mit vollen Pflaumen -und Brombeernoten<\/p>\n<\/div>\n\t\t\t\t\t<\/div>\n<\/li>\t\t\t\t\t\t\t\t\t<\/ul>\n\t\t\t\t\t\t\t\t<\/div>\n\t<\/section>\t\t\t\t\n\t\n\t<section id=\"our-menu\">\n\t\t<div class=\"center\">\n\t\t\t\t\t\t\t<div class=\"section-title\">\n\t\t\t\t\t\t\n\t\t\t\t\t\t\t\t\t\t\t<h3 class=\"pr-font\">Spanien<\/h3>\n\t\t\t\t\t\t\t\t\n\t\t\t\t<\/div>\n\t\t\t\t\t\t\t\t\t\t<ul class=\"dishes-menu cols-2 margin-large\">\n\t\t\t\t\t\t\t\t\t\t\t<li class=\"post-418 dishes_menu type-dishes_menu status-publish hentry dishes_categories-spanien\">\n\t\t\t\t<div class=\"description\">\n\t\t\t<span class=\"pr-font dm-price\">18,90 <span class=\"currency\">\u20ac<\/span><\/span>\t\t\t\t\n\t\t\t<h2><span class=\"title\">BESLLUM<\/span><\/h2>\n\t\t\t<div class=\"dots\"><p>Tempranillo<br \/>\nKraftvoll, mit Noten von saftiger Kirsche und schwarzer Johannisbeere. Vanille und dezent w\u00fcrzigen R\u00f6staromen. Ein wein mit k\u00f6rper und ausgewogener Tanninstrucktur<\/p>\n<\/div>\n\t\t\t\t\t<\/div>\n<\/li>\t\t\t\t\t\t\t\t\t\t\t<li class=\"post-423 dishes_menu type-dishes_menu status-publish hentry dishes_categories-spanien\">\n\t\t\t\t<div class=\"description\">\n\t\t\t<span class=\"pr-font dm-price\">38 <span class=\"currency\">\u20ac<\/span><\/span>\t\t\t\t\n\t\t\t<h2><span class=\"title\">MALBEC<\/span><\/h2>\n\t\t\t<div class=\"dots\"><p>Chateau de Mercues<br \/>\nDieser wein besitz eine fast schwarze Farbe ,ein komplexes, intensives Bukett nach roten Beeren schwarzem Tee, wei\u00dfem pfeffer und gr\u00fcner Banana, etwas Honig. Er hat kr\u00e4ftiges Tannin, das gut eingebunden ist und einen lang anhaltenden Abgang<\/p>\n<\/div>\n\t\t\t\t\t<\/div>\n<\/li>\t\t\t\t\t\t\t\t\t\t\t<li class=\"post-421 dishes_menu type-dishes_menu status-publish hentry dishes_categories-spanien\">\n\t\t\t\t<div class=\"description\">\n\t\t\t<span class=\"pr-font dm-price\">28,90 <span class=\"currency\">\u20ac<\/span><\/span>\t\t\t\t\n\t\t\t<h2><span class=\"title\">OLIVARES CRIANZA<\/span><\/h2>\n\t\t\t<div class=\"dots\"><p>Dunkler Kirsche, Heidelbeere und Pflaume.Diese harmoniertsehr elegant mit wunderbar dezenten Toastaromen, Kaffee, Nuss und mediterrane Kr\u00e4uter<\/p>\n<\/div>\n\t\t\t\t\t<\/div>\n<\/li>\t\t\t\t\t\t\t\t\t\t\t<li class=\"post-422 dishes_menu type-dishes_menu status-publish hentry dishes_categories-spanien\">\n\t\t\t\t<div class=\"description\">\n\t\t\t<span class=\"pr-font dm-price\">26,90 <span class=\"currency\">\u20ac<\/span><\/span>\t\t\t\t\n\t\t\t<h2><span class=\"title\">PABLO CLARO &#8211; BIO<\/span><\/h2>\n\t\t\t<div class=\"dots\"><p>Cabernet Sauvignon Graciano<br \/>\nDie Trauben stammen aus biodynamischem Anbau und wurden nachts gelesen, Der Wein ist gut struktruiert mit voller Frucht. Erg\u00e4nzt mit gut intregiierten R\u00f6st und Toastaromen vom Barriqueausbau. Im kr\u00e4ftigen Nachklang eine zus\u00e4tzliche feine W\u00fcrze unnd reifes Tanin<\/p>\n<\/div>\n\t\t\t\t\t<\/div>\n<\/li>\t\t\t\t\t\t\t\t\t\t\t<li class=\"post-419 dishes_menu type-dishes_menu status-publish hentry dishes_categories-spanien\">\n\t\t\t\t<div class=\"description\">\n\t\t\t<span class=\"pr-font dm-price\">26,50 <span class=\"currency\">\u20ac<\/span><\/span>\t\t\t\t\n\t\t\t<h2><span class=\"title\">EMBOCADERO<\/span><\/h2>\n\t\t\t<div class=\"dots\"><p>Ribere del duoro \u2013 Tempranillo<br \/>\nAnimierente Fruchtnoten von schlehen, dunklen Beeren, Pflaumen, Lorbeer und etwas s\u00fc\u00dfholzmit vanille. Amgaumen setzt sich die Aromenvielfallt fort der Auftakt ist von einer weichen Holznote gepr\u00e4gt und geht in saftige Kirsch \u2013 Schlehen und Beerenaromen \u00fcber. Das feink\u00f6rnige Tannin und die animierende S\u00e4ure verleihen dem Wein eine elegante Struktur<\/p>\n<\/div>\n\t\t\t\t\t<\/div>\n<\/li>\t\t\t\t\t\t\t\t\t\t\t<li class=\"post-417 dishes_menu type-dishes_menu status-publish hentry dishes_categories-spanien\">\n\t\t\t\t<div class=\"description\">\n\t\t\t<span class=\"pr-font dm-price\">24,50 <span class=\"currency\">\u20ac<\/span><\/span>\t\t\t\t\n\t\t\t<h2><span class=\"title\">HACIENDA LOPEZ DE HARO CRIANZA<\/span><\/h2>\n\t\t\t<div class=\"dots\"><p>RIOJA tempranillo \u2013 graciano \u2013 garnacha<br \/>\nEin klassicher Rioja mit reifer roter Frucht  und einem hauch Leder, Am Gaumen unglaublich weich, elegant und sehr zug\u00e4nglich, Gekonnt und frucht und Holznoten harmonisch vereint<\/p>\n<\/div>\n\t\t\t\t\t<\/div>\n<\/li>\t\t\t\t\t\t\t\t\t<\/ul>\n\t\t\t\t\t\t\t\t<\/div>\n\t<\/section>\t\t\t\t\n\t\n<div style=\"line-height:30px;text-align:center;\">\nJahrg\u00e4nge k\u00f6nnen jederzeit wechseln.<br \/>\nDaher verzichten wir bewusst auf diese Angabe.<br \/>\nBei Fragen hierzu z\u00f6gern Sie bitte nicht, uns jederzeit zu fragen!\n<\/div>\n","protected":false},"excerpt":{"rendered":"<p>Es gibt keine ehrlicherer Liebe als die Liebe zum &#8222;Essen&#8220; Das Leben ist zu kurz, um schlechten Wein zu trinken. (Goethe) Jahrg\u00e4nge k\u00f6nnen jederzeit wechseln. Daher verzichten wir bewusst auf&#8230;<\/p>\n","protected":false},"author":1,"featured_media":0,"parent":0,"menu_order":0,"comment_status":"closed","ping_status":"closed","template":"","meta":{"footnotes":""},"class_list":["post-351","page","type-page","status-publish","hentry"],"yoast_head":"<!-- This site is optimized with the Yoast SEO plugin v27.2 - https:\/\/yoast.com\/product\/yoast-seo-wordpress\/ -->\n<title>WeinKarte | Li Myra - Weinbar &amp; Italienisches Restaurant Berlin<\/title>\n<meta name=\"robots\" content=\"index, follow, max-snippet:-1, max-image-preview:large, max-video-preview:-1\" \/>\n<link rel=\"canonical\" href=\"https:\/\/limayra.de\/?page_id=351\" \/>\n<meta property=\"og:locale\" content=\"de_DE\" \/>\n<meta property=\"og:type\" content=\"article\" \/>\n<meta property=\"og:title\" content=\"WeinKarte | Li Myra - Weinbar &amp; Italienisches Restaurant Berlin\" \/>\n<meta property=\"og:description\" content=\"Es gibt keine ehrlicherer Liebe als die Liebe zum &#8222;Essen&#8220; Das Leben ist zu kurz, um schlechten Wein zu trinken. (Goethe) Jahrg\u00e4nge k\u00f6nnen jederzeit wechseln. Daher verzichten wir bewusst auf...\" \/>\n<meta property=\"og:url\" content=\"https:\/\/limayra.de\/?page_id=351\" \/>\n<meta property=\"og:site_name\" content=\"Li Myra\" \/>\n<meta property=\"article:modified_time\" content=\"2024-06-10T13:11:00+00:00\" \/>\n<meta name=\"twitter:card\" content=\"summary_large_image\" \/>\n<meta name=\"twitter:label1\" content=\"Gesch\u00e4tzte Lesezeit\" \/>\n\t<meta name=\"twitter:data1\" content=\"1\u00a0Minute\" \/>\n<script type=\"application\/ld+json\" class=\"yoast-schema-graph\">{\"@context\":\"https:\/\/schema.org\",\"@graph\":[{\"@type\":\"WebPage\",\"@id\":\"https:\/\/limayra.de\/?page_id=351\",\"url\":\"https:\/\/limayra.de\/?page_id=351\",\"name\":\"WeinKarte | Li Myra - Weinbar & Italienisches Restaurant Berlin\",\"isPartOf\":{\"@id\":\"https:\/\/limayra.de\/#website\"},\"datePublished\":\"2016-12-13T11:40:17+00:00\",\"dateModified\":\"2024-06-10T13:11:00+00:00\",\"breadcrumb\":{\"@id\":\"https:\/\/limayra.de\/?page_id=351#breadcrumb\"},\"inLanguage\":\"de\",\"potentialAction\":[{\"@type\":\"ReadAction\",\"target\":[\"https:\/\/limayra.de\/?page_id=351\"]}]},{\"@type\":\"BreadcrumbList\",\"@id\":\"https:\/\/limayra.de\/?page_id=351#breadcrumb\",\"itemListElement\":[{\"@type\":\"ListItem\",\"position\":1,\"name\":\"Home\",\"item\":\"https:\/\/limayra.de\/\"},{\"@type\":\"ListItem\",\"position\":2,\"name\":\"Weinkarte\"}]},{\"@type\":\"WebSite\",\"@id\":\"https:\/\/limayra.de\/#website\",\"url\":\"https:\/\/limayra.de\/\",\"name\":\"Li Myra\",\"description\":\"Cafe &amp; Weinbar\",\"publisher\":{\"@id\":\"https:\/\/limayra.de\/#organization\"},\"potentialAction\":[{\"@type\":\"SearchAction\",\"target\":{\"@type\":\"EntryPoint\",\"urlTemplate\":\"https:\/\/limayra.de\/?s={search_term_string}\"},\"query-input\":{\"@type\":\"PropertyValueSpecification\",\"valueRequired\":true,\"valueName\":\"search_term_string\"}}],\"inLanguage\":\"de\"},{\"@type\":\"Organization\",\"@id\":\"https:\/\/limayra.de\/#organization\",\"name\":\"Li Myra\",\"url\":\"https:\/\/limayra.de\/\",\"logo\":{\"@type\":\"ImageObject\",\"inLanguage\":\"de\",\"@id\":\"https:\/\/limayra.de\/#\/schema\/logo\/image\/\",\"url\":\"https:\/\/limayra.de\/wp-content\/uploads\/2024\/06\/Limayra-Logo.png\",\"contentUrl\":\"https:\/\/limayra.de\/wp-content\/uploads\/2024\/06\/Limayra-Logo.png\",\"width\":1286,\"height\":485,\"caption\":\"Li Myra\"},\"image\":{\"@id\":\"https:\/\/limayra.de\/#\/schema\/logo\/image\/\"},\"sameAs\":[\"https:\/\/instagram.com\/limyra.berlin\"]}]}<\/script>\n<!-- \/ Yoast SEO plugin. -->","yoast_head_json":{"title":"WeinKarte | Li Myra - Weinbar & Italienisches Restaurant Berlin","robots":{"index":"index","follow":"follow","max-snippet":"max-snippet:-1","max-image-preview":"max-image-preview:large","max-video-preview":"max-video-preview:-1"},"canonical":"https:\/\/limayra.de\/?page_id=351","og_locale":"de_DE","og_type":"article","og_title":"WeinKarte | Li Myra - Weinbar & Italienisches Restaurant Berlin","og_description":"Es gibt keine ehrlicherer Liebe als die Liebe zum &#8222;Essen&#8220; Das Leben ist zu kurz, um schlechten Wein zu trinken. (Goethe) Jahrg\u00e4nge k\u00f6nnen jederzeit wechseln. Daher verzichten wir bewusst auf...","og_url":"https:\/\/limayra.de\/?page_id=351","og_site_name":"Li Myra","article_modified_time":"2024-06-10T13:11:00+00:00","twitter_card":"summary_large_image","twitter_misc":{"Gesch\u00e4tzte Lesezeit":"1\u00a0Minute"},"schema":{"@context":"https:\/\/schema.org","@graph":[{"@type":"WebPage","@id":"https:\/\/limayra.de\/?page_id=351","url":"https:\/\/limayra.de\/?page_id=351","name":"WeinKarte | Li Myra - Weinbar & Italienisches Restaurant Berlin","isPartOf":{"@id":"https:\/\/limayra.de\/#website"},"datePublished":"2016-12-13T11:40:17+00:00","dateModified":"2024-06-10T13:11:00+00:00","breadcrumb":{"@id":"https:\/\/limayra.de\/?page_id=351#breadcrumb"},"inLanguage":"de","potentialAction":[{"@type":"ReadAction","target":["https:\/\/limayra.de\/?page_id=351"]}]},{"@type":"BreadcrumbList","@id":"https:\/\/limayra.de\/?page_id=351#breadcrumb","itemListElement":[{"@type":"ListItem","position":1,"name":"Home","item":"https:\/\/limayra.de\/"},{"@type":"ListItem","position":2,"name":"Weinkarte"}]},{"@type":"WebSite","@id":"https:\/\/limayra.de\/#website","url":"https:\/\/limayra.de\/","name":"Li Myra","description":"Cafe &amp; Weinbar","publisher":{"@id":"https:\/\/limayra.de\/#organization"},"potentialAction":[{"@type":"SearchAction","target":{"@type":"EntryPoint","urlTemplate":"https:\/\/limayra.de\/?s={search_term_string}"},"query-input":{"@type":"PropertyValueSpecification","valueRequired":true,"valueName":"search_term_string"}}],"inLanguage":"de"},{"@type":"Organization","@id":"https:\/\/limayra.de\/#organization","name":"Li Myra","url":"https:\/\/limayra.de\/","logo":{"@type":"ImageObject","inLanguage":"de","@id":"https:\/\/limayra.de\/#\/schema\/logo\/image\/","url":"https:\/\/limayra.de\/wp-content\/uploads\/2024\/06\/Limayra-Logo.png","contentUrl":"https:\/\/limayra.de\/wp-content\/uploads\/2024\/06\/Limayra-Logo.png","width":1286,"height":485,"caption":"Li Myra"},"image":{"@id":"https:\/\/limayra.de\/#\/schema\/logo\/image\/"},"sameAs":["https:\/\/instagram.com\/limyra.berlin"]}]}},"_links":{"self":[{"href":"https:\/\/limayra.de\/index.php?rest_route=\/wp\/v2\/pages\/351","targetHints":{"allow":["GET"]}}],"collection":[{"href":"https:\/\/limayra.de\/index.php?rest_route=\/wp\/v2\/pages"}],"about":[{"href":"https:\/\/limayra.de\/index.php?rest_route=\/wp\/v2\/types\/page"}],"author":[{"embeddable":true,"href":"https:\/\/limayra.de\/index.php?rest_route=\/wp\/v2\/users\/1"}],"replies":[{"embeddable":true,"href":"https:\/\/limayra.de\/index.php?rest_route=%2Fwp%2Fv2%2Fcomments&post=351"}],"version-history":[{"count":12,"href":"https:\/\/limayra.de\/index.php?rest_route=\/wp\/v2\/pages\/351\/revisions"}],"predecessor-version":[{"id":16895,"href":"https:\/\/limayra.de\/index.php?rest_route=\/wp\/v2\/pages\/351\/revisions\/16895"}],"wp:attachment":[{"href":"https:\/\/limayra.de\/index.php?rest_route=%2Fwp%2Fv2%2Fmedia&parent=351"}],"curies":[{"name":"wp","href":"https:\/\/api.w.org\/{rel}","templated":true}]}}